{"id":544,"date":"2015-08-25T14:10:13","date_gmt":"2015-08-25T14:10:13","guid":{"rendered":"http:\/\/lehrer-fruehrente.de\/?page_id=544"},"modified":"2023-02-14T13:27:57","modified_gmt":"2023-02-14T13:27:57","slug":"reha-betreuung-paket","status":"publish","type":"page","link":"https:\/\/lehrer-fruehrente.de\/?page_id=544","title":{"rendered":"Reha-Betreuung"},"content":{"rendered":"<div class=\"art-content-layout layout-item-0\">\n<div class=\"art-content-layout-row\">\n<div class=\"art-layout-cell layout-item-1\" style=\"width: 100%;\">\n<p style=\"margin: 9pt 0cm 9pt 0cm;\"><span style=\"font-family: Verdana, Geneva, Arial, Helvetica, sans-serif; color: #ffffff;\"><span style=\"font-size: 10pt; font-family: Verdana, sans-serif; color: #ffffff;\">Sie eignet sich f\u00fcr alle Beamten, deren Ziel die Fr\u00fchpensionierung ist und die bereits aufgrund seelischer Probleme in Behandlung und an einem Punkt sind, an dem der<\/span>\u00a0<span style=\"font-size: 10pt; font-family: Verdana, sans-serif; color: #ffffff;\">Amtsarzt eine Rehabilitationsma\u00dfnahme anordnet. Die Rehama\u00dfnahme kann das Ziel \u201eFr\u00fchpensionierung\u201c erheblich gef\u00e4hrden.<\/span><\/span><\/p>\n<p style=\"margin: 9pt 0cm 9pt 0cm;\"><span style=\"font-size: 10pt; font-family: Verdana, sans-serif; color: #ffffff;\">Im Rahmen der Reha-Betreuung begleiten wir Sie sicher durch die intensive Zeit in der Rehabilitationma\u00dfnahme und helfen Ihnen sich so zu positionieren, dass der Entlassungsbericht in Ihrem Sinne ausf\u00e4llt.\u00a0Sie erhalten von uns ausf\u00fchrliches schriftliches Material, welches Sie perfekt auf die Abl\u00e4ufe w\u00e4hrend der Reha vorbereitet. Sie werden auch \u00fcber alle zu erwartenden testpsychologischen Verfahren aufgekl\u00e4rt, inkl. L\u00f6sung. Diese Materialien erhalten Sie digital, also in der idealen Form, um sie auf dem Smartphone abzuspeichern.<\/span><\/p>\n<p style=\"margin: 9pt 0cm 9pt 0cm;\"><span style=\"font-size: 10pt; font-family: Verdana, sans-serif; color: #ffffff;\">W\u00e4hrend der Rehama\u00dfnahme sind Sie direkt und indirekt \u201eunter st\u00e4ndiger Beobachtung&#8220;, werden mit unz\u00e4hligen Therapiema\u00dfnahmen, aber auch mit Freizeitangeboten konfrontiert. Somit stellt der Aufenthalt in der Reha-Klinik eine riesige Chance auf dem Weg in Ihre Dienstunf\u00e4higkeit dar, die es zu nutzen gilt. Gleichzeitig kann die Reha aber auch Ihren Erfolg gef\u00e4hrden, wenn Sie die Fallstricke, die dort auf Sie warten, nicht erkennen. Vermutlich ahnen Sie gar nicht, welche scheinbaren Nebens\u00e4chlichkeiten in Ihrem Entlassungsbericht stehen werden!\u00a0Ein Beispiel: \u201eDie Patientin klagte h\u00e4ufig \u00fcber ihre ausgepr\u00e4gten sozialen \u00c4ngsten, nahm aber das Mittagessen stets zusammen mit anderen Patienten ein. Dabei f\u00fchrte sie nicht selten lebhafte Gespr\u00e4che &#8230;&#8220;<\/p>\n<p>Die Reha-Betreuung ist der intensivste Teil der Zusammenarbeit mit uns. W\u00e4hrend der\u00a0\u00a0Rehabilitations-ma\u00dfnahme sind oft t\u00e4gliche Gespr\u00e4che\u00a0notwendig \u00fcber einen Zeitraum von 4-6 Wochen.\u00a0<\/span><\/p>\n<p style=\"margin: 9pt 0cm 9pt 0cm;\">\n<\/div>\n<\/div>\n<\/div>\n<div class=\"art-content-layout layout-item-2\">\n<div class=\"art-content-layout-row\">\n<div class=\"art-layout-cell layout-item-3\" style=\"width: 33%;\">\n<p><span style=\"font-family: Verdana; font-weight: bold;\">Preis Auf Anfrage<\/span><br \/>\n<span style=\"font-family: Verdana;\"><br \/>\nSelbstverst\u00e4ndlich bieten<br \/>\nwir Ihnen auch hier die M\u00f6glichkeit einer individuellen Zahlungsvereinbarung an.<br \/>\n<\/span><\/p>\n<p><a href=\"tel:07751\u20135446\" target=\"_self\" class=\"art-button\" style=\"margin-bottom:10px!important;\" rel=\"noopener\">Jetzt anrufen<\/a><br \/>\n<a href=\"https:\/\/schildroth.typeform.com\/to\/g8S8exku?typeform-source=fruehpension.net\" target=\"_self\" class=\"art-button\" rel=\"noopener\">Kostenlose Erstberatung<\/a>\n<\/div>\n<div class=\"art-layout-cell layout-item-4\" style=\"width: 67%;\"><span style=\"font-family: Verdana;\"><span style=\"font-weight: bold; font-size: 16px;\"><br \/>\n<span style=\"color: #164469;\">Auch in der Reha\u00a0warten viele Fallstricke\u00a0auf Sie<\/span><\/span><\/p>\n<p>V\u00f6llig unbedarft unterhalten Sie sich mit anderen Patienten.\u00a0Im Entlassungsbericht steht, dass Sie sich ohne Probleme in die Gemeinschaft eingef\u00fcgt haben und zum guten Klima beigetragen haben.<\/p>\n<p>Diese Aussage freut\u00a0jeden Gutachter.\u00a0Wer \u201eSpa\u00df\u201c mit anderen hat ist nicht krank!!!\u00a0Und auf keinen Fall\u00a0ein Kandidat f\u00fcr eine Fr\u00fchpensionierung<br \/>\n<\/span><\/div>\n<\/div>\n<\/div>\n<div class=\"kontaktformularbg\">\n<h2 class=\"h2-form\">Kontaktformular<\/h2>\n<p>[ninja_forms_display_form id=1]<\/p>\n<\/div>\n","protected":false},"excerpt":{"rendered":"<p>Sie eignet sich f\u00fcr alle Beamten, deren Ziel die Fr\u00fchpensionierung ist und die bereits aufgrund seelischer Probleme in Behandlung und an einem Punkt sind, an dem der\u00a0Amtsarzt eine Rehabilitationsma\u00dfnahme anordnet. Die Rehama\u00dfnahme kann das Ziel \u201eFr\u00fchpensionierung\u201c erheblich gef\u00e4hrden. Im Rahmen der Reha-Betreuung begleiten wir Sie sicher durch die intensive Zeit in der Rehabilitationma\u00dfnahme und helfen [&hellip;]<\/p>\n","protected":false},"author":5,"featured_media":0,"parent":542,"menu_order":7,"comment_status":"closed","ping_status":"closed","template":"","meta":[],"_links":{"self":[{"href":"https:\/\/lehrer-fruehrente.de\/index.php?rest_route=\/wp\/v2\/pages\/544"}],"collection":[{"href":"https:\/\/lehrer-fruehrente.de\/index.php?rest_route=\/wp\/v2\/pages"}],"about":[{"href":"https:\/\/lehrer-fruehrente.de\/index.php?rest_route=\/wp\/v2\/types\/page"}],"author":[{"embeddable":true,"href":"https:\/\/lehrer-fruehrente.de\/index.php?rest_route=\/wp\/v2\/users\/5"}],"replies":[{"embeddable":true,"href":"https:\/\/lehrer-fruehrente.de\/index.php?rest_route=%2Fwp%2Fv2%2Fcomments&post=544"}],"version-history":[{"count":7,"href":"https:\/\/lehrer-fruehrente.de\/index.php?rest_route=\/wp\/v2\/pages\/544\/revisions"}],"predecessor-version":[{"id":1122,"href":"https:\/\/lehrer-fruehrente.de\/index.php?rest_route=\/wp\/v2\/pages\/544\/revisions\/1122"}],"up":[{"embeddable":true,"href":"https:\/\/lehrer-fruehrente.de\/index.php?rest_route=\/wp\/v2\/pages\/542"}],"wp:attachment":[{"href":"https:\/\/lehrer-fruehrente.de\/index.php?rest_route=%2Fwp%2Fv2%2Fmedia&parent=544"}],"curies":[{"name":"wp","href":"https:\/\/api.w.org\/{rel}","templated":true}]}}